s?
1
Suppose 16 = 6*l - 4*l - 5*p, 2*p = -l - 1. Suppose y - 728 = -5*g, l*g + y - 299 = 139. What is the hundreds digit of g?
1
Let p be 0/(-1 + -4) - -3. What is the units digit of (-1356)/(-12) - p - (0 + 5)?
5
Suppose 4*h = 4*o - 58068, 4*h = -4*o + 61622 - 3546. What is the thousands digit of o?
4
Let z(s) = 8*s**3 - 2*s**2 - 5*s - 2. Let n be z(3). Let i = n - 74. Suppose 5*f = 2*h + 41 + i, -h = 4. What is the units digit of f?
8
Suppose -4069 = 28*b - 15*b. Let w = b - -477. What is the units digit of w?
4
Let w = -11429 - -12178. What is the tens digit of w?
4
Let j = -7175 - -10603. Suppose -16*v = -9484 - j. What is the units digit of v?
7
Suppose 65*u + 2662 = 67*u. Suppose -3*g - c + u = 3*c, 3*g - 3*c = 1359. What is the units digit of g?
9
Suppose -49*n + 58*n - 21249 = 0. What is the units digit of n?
1
Let k = 244 - 240. Suppose 12*y = -k*g + 7*y + 1945, -4*y - 940 = -2*g. What is the tens digit of g?
8
Suppose 282*b + 21267 = 299*b. What is the hundreds digit of b?
2
Suppose 40*d = 407934 - 46254. What is the hundreds digit of d?
0
Let j be (143 - -1)/((-8)/(-16)). Suppose 2*c + 2*r = c + 260, -c + j = -5*r. Suppose 2*a - c = 66. What is the tens digit of a?
6
Let t be 17/((-561)/8470) + 5/3. Let b = t + 624. What is the units digit of b?
9
What is the ten thousands digit of (-258)/30 + 6 + 3 + 676452/20?
3
Suppose -z + 2 = 0, -95*z + 8946 = 4*n - 90*z. What is the hundreds digit of n?
2
Suppose 25 = 4*z + 201. What is the hundreds digit of 1626/11 + (-8)/z?
1
Let l(n) = 0 + 3*n**3 + 4 - 7 - 3*n. Suppose 27*q - 56 = -q. What is the tens digit of l(q)?
1
Suppose -112*c + 673910 = -5001018. What is the thousands digit of c?
0
Let b be (1/20)/(2/8)*4315. Suppose -b*k + 870*k = 3801. What is the tens digit of k?
4
Suppose -185*u = -5*c - 184*u + 37656, -7536 = -c - u. What is the hundreds digit of c?
5
Let i be ((5 - 1) + -4)/2. Suppose 5*c - 24 = 2*v, 0 = -i*c - c + 5*v - 9. Suppose 0 = -14*q + c*q + 192. What is the units digit of q?
4
Suppose 1242*y = 1304*y - 983196. What is the hundreds digit of y?
8
Suppose 13*m - 78548 = -561. What is the thousands digit of m?
5
Suppose -y = 5*j - 44930, -5*j = -16 + 6. What is the ten thousands digit of y?
4
Let k = 48 - 40. Let s be 1/((k/20)/2). Let z(t) = 16*t + 19. What is the tens digit of z(s)?
9
Let h(p) = -32*p - 1. Let q be h(-16). Suppose -q = r - 1575. What is the tens digit of (r/(-42))/((-2)/21)?
6
Let u = 4724 + 12755. What is the thousands digit of u?
7
Let q(k) = -119*k + 7. Let u be q(-1). Suppose -614 = -5*i - 4*c, u = i + 16*c - 12*c. Suppose i*g - 120*g - 438 = 0. What is the units digit of g?
9
Suppose 4*o + 5*h = 22396, -h - 5396 - 212 = -o. What is the units digit of o?
4
Let l be ((-130)/(-585))/(2/126). Suppose 0 = 15*t - l*t - 1777. What is the thousands digit of t?
1
Suppose 18*j + 11*j = 23*j + 44160. What is the thousands digit of j?
7
Let b(v) be the first derivative of v**3/3 - 21*v**2/2 - 30*v + 16. What is the hundreds digit of b(-12)?
3
Let y(l) be the third derivative of l**5/20 + l**4/3 - 14*l**3/3 + 21*l**2. What is the hundreds digit of y(12)?
5
Let r(n) = 411*n + 1941. What is the units digit of r(15)?
6
Let a(m) = m**2 - 26*m + 1. Suppose 0 = -14*v + 15*v - 26. Let n be a(v). Suppose -5*i = -3*s - 702, -143 = -i + s - n. What is the tens digit of i?
3
Let p(l) = 1097*l + 1078. What is the tens digit of p(10)?
4
Suppose -2*q - 3*r = 6*r - 37756, -5*r = -2*q + 37756. What is the units digit of q?
8
Let x(d) = 4629*d - 5659. What is the thousands digit of x(8)?
1
Let t = 51 + 11. Let i = -57 + t. Suppose b = -i*s + 445, -3*b = -3*s + b + 290. What is the units digit of s?
0
Let f = 3838 - 2247. What is the hundreds digit of f?
5
Let s = 565 - 560. Suppose 3*l = -3*n + 2205, s*n + 3705 = -2*l + 7*l. What is the units digit of l?
8
Let v = 42991 - 21738. What is the units digit of v?
3
Let q = -3060 - -7875. What is the thousands digit of q?
4
Let s = 463 - -281. Let o = 1103 - s. Let h = o - 214. What is the units digit of h?
5
Let d(x) = 45*x - 47. Let l be d(9). Let b = l + -157. What is the units digit of b?
1
Suppose -3*o - 12*a = -16*a - 23106, -4*a + 15424 = 2*o. What is the tens digit of o?
0
What is the tens digit of (-1)/5 - 4587688/(-340)?
9
Let t = -36 - -38. Suppose 3*k = -5*j + 11, 0 = -5*k - 3*j + 15 - t. What is the tens digit of k/8 - 777/(-28)?
2
Suppose 0 = -4*b - 12*x + 87672, -2*b + 5*x + 52398 = 8551. What is the ten thousands digit of b?
2
Suppose -3*u + 2228 = 2*s + 510, -4 = 2*u. What is the hundreds digit of s?
8
Suppose 256 = 3*x - 4*s - 55087, 2*x + 5*s - 36903 = 0. What is the units digit of x?
9
Let c(g) = 915*g**2 - 22*g - 40. What is the tens digit of c(-2)?
6
Let o = -34 - -31. Let m = 183 + o. What is the units digit of (1/2)/(-1 + 183/m)?
0
Suppose -175*g = 29*g - 5330928. What is the tens digit of g?
3
Let m be 121086/2 + 0/(-13 + 22). What is the hundreds digit of ((-2)/7*6)/((-186)/m)?
5
Let n = 926 + -159. Let b = n + -294. What is the tens digit of b?
7
Let s = 12 + 86. Suppose 5*v - t = 721, 3*v - 526 = -4*t - s. Suppose a + v = 3*a. What is the units digit of a?
2
Let l = -326 + 66. Let j = l - -176. Let v = -33 - j. What is the units digit of v?
1
Suppose -7*q + 10 = -12*q. Let g(x) = x. Let a(y) = -y**3 + 10*y**2 - 3*y - 13. Let h(s) = q*g(s) + a(s). What is the tens digit of h(6)?
0
Let l(f) = -322*f + 68. What is the thousands digit of l(-3)?
1
Let j(p) = 4*p**3 - 12*p**2 - 17*p + 12. Let i be j(11). Suppose i = 4*k - 55*m + 60*m, 0 = -k + 4*m + 940. What is the hundreds digit of k?
9
Let k = -9731 + 20595. What is the tens digit of k?
6
Suppose z = 402 + 123. Suppose 5*a = -3*y + 2*a + 1527, 3*a = y - z. What is the hundreds digit of y?
5
Let x = 48808 - 32757. What is the ten thousands digit of x?
1
Let l(p) = -3*p**2 - 100*p + 68. Let t be l(-34). Suppose t = -3*o + 1354 + 1052. What is the hundreds digit of o?
8
Let y(l) = -2*l + 35. Suppose 0 = -3*s + 2*s + 16. Let a be y(s). Suppose 0 = 4*t + 12, -102 - 186 = -a*h + t. What is the units digit of h?
5
Let i = -3 - -1. Let g be 23 - (20 - 21)/(1/(-2)). Let t = i + g. What is the tens digit of t?
1
Let h = -6574 - -12255. What is the tens digit of h?
8
Suppose 24*r = -18*r + 324996. What is the hundreds digit of r?
7
Let q(k) = -12*k - 17*k - k - 25 - 9*k. Let o be q(-10). Let p = o - 177. What is the units digit of p?
8
Suppose 5*u - 18 = -27*l + 23*l, u + 3*l - 8 = 0. What is the units digit of ((-104)/10)/(u/(-35))?
2
Suppose -45*u + 42*u = -3*r - 7467, -5*r - u - 12427 = 0. Let q = r - -3633. What is the units digit of q?
7
Let h be (2 - -1)/(8 - 9). Let f be h/(-9)*87 + -1. What is the units digit of (f/(-8))/(-7)*58?
9
Let p be ((-89)/(-3))/((-1)/(-4 + 1)). Suppose a = p - 60. Suppose -a*f = -19*f - 1130. What is the units digit of f?
3
Let u be 3 + (-7)/3 - 70/(-3). Let o = 316 + -210. Suppose 25*k - o = u*k. What is the units digit of k?
6
Let w(q) = -q**3 - q**2 - 8*q + 25. Let b be w(-8). Suppose b + 2073 = 2*p. What is the tens digit of p?
0
Let a be (4/(-1) - -634) + -2. Suppose 0 = 3*n + 4*f - 879, 4*n - 563 = f + a. What is the units digit of n?
7
Let w be (15/6 - -2) + (-1)/(-2). Suppose w*p - 31 = -111. What is the units digit of -4*4/p*106?
6
Let f be -4 - ((-4)/(-22) - 204/33). Suppose -f*v - 227 + 823 = 0. What is the hundreds digit of v?
2
Let s(o) = -5*o**2 + 2*o - 86. Let z(c) = -20*c**2 + 9*c - 344. Let j(x) = -9*s(x) + 2*z(x). What is the tens digit of j(-9)?
9
Let f(d) = 7*d**3 + 25*d**2 - 5*d + 4. Let w(j) = -4*j**3 - 12*j**2 + 2*j - 1. Let a(h) = 3*f(h) + 5*w(h). What is the tens digit of a(-7)?
3
Let b be (-273377)/(-26) + (-5)/2. Suppose 10*l - b = -2*l. What is the units digit of 3 - (5 + l/(-3))?
0
Suppose 0 = -0*t + 3*t - 56346 - 12408. What is the units digit of t?
8
Suppose -9*b - 21*b + 459330 + 376560 = 0. What is the units digit of b?
3
What is the units digit of 4 - (-156370)/20 - (-4)/8?
3
Let o(j) = -15*j**3 + 54*j**2 + 49*j + 27. What is the ten thousands digit of o(-10)?
1
Let u(j) = 24*j**3 - j**2 - 3*j. Suppose 2 = -22*z + 23*z. Let f be u(z). Suppose -4*m + 226 = 3*v - 36, -m - f = -2*v. What is the tens digit of v?
9
Suppose -2*y - 78 = -2*o - 308, -5*y + 3*o + 567 = 0. Let z = 121 - y. Suppose 12*j = z*j 